).
7
Let f(b) = 15*b + 11. Determine f(-2).
-19
Let b(s) = s - 16. Calculate b(7).
-9
Let p(v) = v + 14. Give p(-8).
6
Let q(w) = -w**3 + 4*w**2 - 4*w + 7. Determine q(3).
4
Let g(y) = y**3 + 5*y**2 - 3*y + 1. Calculate g(-6).
-17
Let z(b) = 2*b**2 + 14*b - 14. Determine z(-7).
-14
Let w(t) = t**2 + 2*t + 42. Give w(0).
42
Let h(d) = d**3 + 5*d**2 + 2*d. What is h(-3)?
12
Let c(a) = 2*a**3 - 23*a**2 + 9*a + 27. Give c(11).
5
Let n(f) = -2*f**2 - f - 8. Calculate n(4).
-44
Let h(b) = b**2 - 10*b + 23. Give h(6).
-1
Let b(w) = 5*w**2 - 3*w - 3. Calculate b(-3).
51
Let k(p) = -23*p - 159. Determine k(-7).
2
Let l(v) = -v**2 - 3*v + 5. What is l(-6)?
-13
Let q(p) = p**3 + p**2 + 24. Determine q(0).
24
Let p(q) = -q**2 + 23*q - 103. Give p(16).
9
Let d(n) = -6*n + 22. Determine d(2).
10
Let l(j) = 3*j**2 - 2*j - 20. Determine l(-7).
141
Let w(h) = -h + 1. Calculate w(-8).
9
Let w(d) = -d**3 - 5*d**2 + 11*d - 16. Determine w(-7).
5
Let w(z) = z**3 + 25*z**2 + 25*z + 18. What is w(-24)?
-6
Let s(d) = -2*d**2 + 5*d + 2. Give s(-4).
-50
Let s(z) = -z**3 + 5*z**2 + 15*z - 19. Determine s(7).
-12
Let o(h) = 6*h - 2. What is o(-3)?
-20
Let u(l) = l**2 - 25*l - 38. Calculate u(25).
-38
Let p(q) = -q**3 - 4*q**2 + 9*q + 3. Calculate p(-5).
-17
Let v(p) = 10*p - 127. Determine v(13).
3
Let i(d) = -d + 25. What is i(12)?
13
Let i(z) = 10*z + 24. Give i(-1).
14
Let n(s) = -3*s**2 + 4*s - 9. Determine n(3).
-24
Let k(o) = o**2 - o - 8. What is k(6)?
22
Let x(d) = 37*d**2 + 3*d + 4. Give x(-1).
38
Let q(a) = -4*a**3 - 3*a**2 - a - 2. What is q(-2)?
20
Let x(p) = -3*p - 76. What is x(-14)?
-34
Let o(j) = -6*j**2 - j + 1. What is o(1)?
-6
Let t(h) = h**2 + 28*h - 17. Calculate t(-26).
-69
Let b(h) = 3*h - 16. What is b(-15)?
-61
Let u(x) = -21*x + 1108. What is u(53)?
-5
Let p(s) = s. Calculate p(-5).
-5
Let j(d) = -d**2 + 26*d + 20. Determine j(26).
20
Let p(w) = 6*w + 20. Determine p(0).
20
Let k(a) = a**2 - 4*a + 6. What is k(9)?
51
Let n(u) = -7*u + 17. Give n(4).
-11
Let a(n) = 6*n - 277. Calculate a(46).
-1
Let v(p) = -p - 20. Determine v(0).
-20
Let u(r) = -3*r - 15. Calculate u(-8).
9
Let r(f) = -f**3 - 19*f**2 - f - 23. Give r(-19).
-4
Let j(x) = -11*x - 1. What is j(1)?
-12
Let v(f) = -f + 18. Calculate v(17).
1
Let m(i) = -52*i**3 + 2*i - 1. Calculate m(1).
-51
Let q(d) = 3*d - 5. Calculate q(4).
7
Let t(h) = -h**3 - 22*h**2 - 32*h - 235. Determine t(-21).
-4
Let s(b) = -b + 6. What is s(5)?
1
Let z(n) = 21*n**2 + 7*n - 7. Determine z(2).
91
Let c(v) = -v**2 + v - 3. What is c(2)?
-5
Let f(o) = -3*o - 20. Give f(-4).
-8
Let u(f) = 15*f + 37. What is u(-3)?
-8
Let f(l) = -2*l**2 + 13*l - 12. Calculate f(5).
3
Let b(s) = s**3 + 2*s**2 - 4*s - 16. What is b(0)?
-16
Let p(t) = -t**3 + 17*t**2 + 19*t - 3. Give p(18).
15
Let n(k) = -k**2 - 3*k + 10. Give n(-4).
6
Let r(p) = -53*p + 1. Determine r(1).
-52
Let x(c) = c**3 + 21*c**2 + 22*c + 30. Give x(-20).
-10
Let r(j) = -j + 2. What is r(8)?
-6
Let m(f) = -f**2 + 8*f + 9. Calculate m(8).
9
Let p(s) = 22*s**2 + 4*s + 5. Determine p(-2).
85
Let h(j) = j**3 + 7*j**2 + 8*j + 8. What is h(-6)?
-4
Let x(t) = -t**3 + 17*t**2 + 22*t + 1. Determine x(18).
73
Let s(g) = -g**2 - 11*g - 26. Give s(-10).
-16
Let c(v) = 2*v**2 - 5*v - 15. What is c(7)?
48
Let x(k) = k**3 + 3*k**2 - k. Give x(0).
0
Let a(g) = -2*g**3 + 2*g**2 + g + 1. What is a(2)?
-5
Let l(g) = -g**2 + g + 62. What is l(-7)?
6
Let l(x) = -x**3 - 8*x**2 + 3*x + 1. Give l(-9).
55
Let j(g) = 3*g**2 - 11*g - 3. Give j(5).
17
Let j(o) = -o - 13. Give j(10).
-23
Let t(v) = 5*v + 36. What is t(-7)?
1
Let k(d) = 8*d - 26. What is k(4)?
6
Let f(c) = -c**2 - 7*c + 18. Calculate f(-8).
10
Let k(d) = d**2 + 11*d - 6. Determine k(-13).
20
Let p(y) = -y**2 - 19*y + 28. Give p(-19).
28
Let w(v) = 4*v + 1. Determine w(-2).
-7
Let r(t) = -t**2 - 7*t - 1. Give r(-3).
11
Let q(p) = 2*p**2 - p - 38. Give q(7).
53
Let m(s) = -s - 30. What is m(-10)?
-20
Let j(g) = -3*g**3 - 19*g**2 - 7*g + 20. What is j(-6)?
26
Let a(y) = -y**2 - 8*y + 5. What is a(-8)?
5
Let j(l) = l**2 - 33*l - 289. Give j(-7).
-9
Let v(j) = 10*j - 1. Determine v(-2).
-21
Let w(u) = u**2 - 3*u - 10. Calculate w(3).
-10
Let r(l) = -l**3 + 6*l**2 - 10*l + 33. Calculate r(6).
-27
Let x(z) = -3*z**2 - 32*z - 21. Give x(-10).
-1
Let r(t) = 11*t**2 + 55*t + 20. Calculate r(-5).
20
Let f(u) = -u - 5. Calculate f(-9).
4
Let y(d) = -2*d + 16. Determine y(10).
-4
Let h(y) = -y**2 + 175*y - 1802. What is h(11)?
2
Let r(h) = -52*h. Determine r(-1).
52
Let v(t) = -t**3 + 23*t**2 + 51*t - 32. Give v(25).
-7
Let d(x) = x**3 + x + 21. Determine d(0).
21
Let l(s) = s**3 - 8*s**2 + 10*s - 1. Determine l(7).
20
Let v(w) = w**2 + 3*w - 2. Determine v(-8).
38
Let g(o) = -o. Give g(8).
-8
Let w(n) = n**2 + 11*n + 13. Determine w(-9).
-5
Let u(z) = -z**3 + 11*z**2 + 10*z + 18. Give u(12).
-6
Let y(f) = f**3 + 3*f**2 - 2*f + 1. Calculate y(3).
49
Let i(b) = -b**2 - 5*b + 3. Give i(-7).
-11
Let n(y) = 6*y**3 + 3*y**2 - 4*y + 2. Calculate n(1).
7
Let v(m) = 30*m - 152. Calculate v(5).
-2
Let v(l) = -l**2 + 18*l - 76. Determine v(9).
5
Let u(b) = b**3 + 5*b**2 - 5*b + 13. Determine u(-6).
7
Let j(v) = v**3 + 22*v**2 - 25*v - 28. Determine j(-23).
18
Let p(m) = -12*m + 13. Give p(5).
-47
Let p(v) = -26*v + 165. Give p(5).
35
Let c(l) = l**3 - l**2 - l - 3. Determine c(2).
-1
Let s(n) = n + 12. Calculate s(-6).
6
Let p(w) = -13*w - 9. Calculate p(-2).
17
Let z(i) = -49*i + 434. Give z(9).
-7
Let v(p) = -2*p**3 + 28*p**2 + 32*p - 26. Determine v(15).
4
Let s(j) = j**2 + 19*j + 60. What is s(-13)?
-18
Let m(d) = d**3 - 11*d**2 + d - 20. What is m(11)?
-9
Let a(y) = 4*y**2 + 25*y - 22. Calculate a(-8).
34
Let w(y) = -y**2 + 12*y + 38. What is w(18)?
-70
Let n(a) = a**3 + 2*a**2 - 3*a + 3. Calculate n(-3).
3
Let z(m) = -m**2 + 15*m - 9. Give z(9).
45
Let t(x) = -55*x**2 - 15*x - 14. What is t(-1)?
-54
Let x(z) = -4*z + 6. Give x(10).
-34
Let p(t) = t - 7. Calculate p(9).
2
Let s(b) = -24*b + 2. Calculate s(8).
-190
Let l(c) = -9*c + 17. Give l(6).
-37
Let l(a) = a**2 + 7*a - 5. What is l(6)?
73
Let y(q) = -14*q - 55. Give y(-6).
29
Let g(c) = 4*c**2 + 20*c - 41. Calculate g(2).
15
Let i(a) = a**3 - 11*a**2 + 9*a - 11. Calculate i(10).
-21
Let j(p) = -p**3 - 11*p**2 - 8*p - 10. What is j(-10)?
-30
Let w(y) = 3*y**2 - 55*y + 22. Calculate w(18).
4
Let i(c) = 5*c**2 - 2*c - 3. Calculate i(-2).
21
Let h(m) = m**3 - 7*m**2 - 9*m - 2. Give h(8).
-10
Let s(b) = 10*b + 36. Determine s(-4).
-4
Let i(j) = -j**3 - 28*j**2 - 23*j + 57. Determine i(-27).
-51
Let d(x) = -x**2 - 6*x + 10. Determine d(-8).
-6
Let i(b) = -b**2 - 16*b - 24. What is i(-14)?
4
Let q(y) = -y**2 - 4*y + 4. Determine q(3).
-17
Let p(i) = -i - 9. Determine p(14).
-23
Let c(k) = -k**2 - 24*k + 28. Determine c(-26).
-24
Let w(f) = -f**2 + 2*f. Determine w(1).
1
Let s(r) = -3*r**2 - 2*r + 4. Calculate s(-3).
-17
Let b(p) = p**3 - 31*p**2 - 38*p + 192. Determine b(32).
0
Let w(g) = g**2 + 44*g - 42. What is w(-45)?
3
Let m(b) = -b**2 - 2*b + 1. What is m(-4)?
-7
Let d(i) = 2*i**2 - 17*i + 16. Calculate d(7).
-5
Let o(q) = q**2 - 2. Calculate o(-1).
-1
Let b(l) = -6*l - 2. Give b(0).
-2
Let i(v) = v**3 - 7*v**2 + 6*v + 9. Determine i(7).
51
Let a(u) = u + 8. Calculate a(-3).
5
Let r(b) = -3*b + 30. What is r(5)?
15
Let b(n) = -9*n**3 + n**2. Give b(1).
-8
Let v(k) = k**3 - 15*k**2 + 12*k + 23. Determine v(14).
-5
Let r(n) = -19*n + 1. Determine r(1).
-18
Let q(x) = x**3 - 8*x**2 + x - 4. What is q(8)?
4
Let t(c) = -c**2 - 9*c - 5. What is t(-7)?
9
Let t(l) = l + 58. Calculate t(-25).
33
Let l(d) = -21*d + 38. Calculate l(4).
-46
Let r(a) = -5*a + 17. Determine r(5).
-8
Let i(x) = -x**2 + 24*x - 43. Calculate i(22).
1
Let d(q) = -15*q**3 - 2*q**2 + 1. Calculate d(-1).
14
Let x(m) = m**2 - 27*m - 71. Calculate x(30).
19
Let w(a) = a**3 + 13*a**2 + 2*a + 16. Give w(-13).
-10
Let l(x) = -x**2 + 5*x - 8. Determine l(2).
-2
Let t(r) = r**3 + 15*r**2 + 29*r - 69. Determine t(-12).
15
Let t(c) = 2*c**3 - 11*c**2 + 3*c. What is t(5)?
-10
Let h(q) = q**3 - 16*q**2 + 16*q - 14. What is h(15)?
1
Let j(s) = -15*s - 46. Determine j(-3).
-1
Let u(v) = v**2 + 2*v - 61. What is u(0)?
-61
Let c(i) = 11*i + 12. Determine c(-5).
-43
Let h(t) = t - 4. Calculate h(5).
1
Let m(p) = -2*p**3 + 16*p**2 + 2